hat is 1200210000010120 + -120?
1200210000010000
In base 10, what is -4 - -587740?
587736
In base 5, what is 1144 - -2401224?
2402423
In base 10, what is -1128 - 10712?
-11840
In base 16, what is -25a - a20bb?
-a2315
In base 14, what is 6805a5 - d?
680596
In base 4, what is -1313 + 2012132021?
2012130102
In base 5, what is -20442043 - 314?
-20442412
In base 13, what is 54 + -10a796?
-10a742
In base 6, what is 1435115451 - -4?
1435115455
In base 3, what is -112102101220010 - 11?
-112102101220021
In base 7, what is -5240520153 + -4?
-5240520160
In base 14, what is 19b793da - 3?
19b793d7
In base 12, what is 1745686 + -79?
1745609
In base 10, what is -3156 - 2471?
-5627
In base 3, what is 21221201010212 + -11200?
21221200222012
In base 12, what is -479715a + 0?
-479715a
In base 11, what is -5762615 + -1?
-5762616
In base 6, what is -1115111 + -4124?
-1123235
In base 6, what is -15530 + -53341?
-113311
In base 11, what is 39767946 - 4?
39767942
In base 9, what is 115782558 + -4?
115782554
In base 7, what is 4634 - 124221?
-116254
In base 14, what is -45 + -7d7997?
-7d79dc
In base 15, what is 1a7b3 + -5573?
15240
In base 13, what is -31 + 3908b0?
39087c
In base 8, what is -541577442 + 4?
-541577436
In base 8, what is 0 + 150041015?
150041015
In base 6, what is 3241444411 + 44?
3241444455
In base 16, what is 7 + 766081?
766088
In base 7, what is -3 + 40060260?
40060254
In base 12, what is 266 - b6a?
-904
In base 15, what is 3470 - b2?
33ad
In base 12, what is 174061 - 234?
173a29
In base 16, what is 2 + -e7e851?
-e7e84f
In base 8, what is -16413 - 5326?
-23741
In base 10, what is -5 - 24917168?
-24917173
In base 12, what is -1a90 - 3465?
-5335
In base 4, what is -200133032 - 20033?
-200213131
In base 11, what is 2 + 41054846?
41054848
In base 2, what is -1011010011 - 10011000110110?
-10100100001001
In base 10, what is 16334 - 6059?
10275
In base 2, what is -11101101110101100010011110 - 101?
-11101101110101100010100011
In base 2, what is 1101 - -1100111011100100000000?
1100111011100100001101
In base 12, what is -1b8a0 + -16?
-1b8b6
In base 15, what is -ce94a87 - 6?
-ce94a8d
In base 5, what is -103 - 2023044123?
-2023044231
In base 14, what is 228909a - 5?
2289095
In base 6, what is -22 + -1450032042?
-1450032104
In base 2, what is -10011100001000 - 11011010?
-10011111100010
In base 13, what is 10908a5 + 1c?
10908c4
In base 15, what is 69b - d575?
-cdc9
In base 15, what is 144 - -2902?
2a46
In base 16, what is 287 + c62?
ee9
In base 6, what is -23 + 251100431?
251100404
In base 16, what is 0 + 1781943f?
1781943f
In base 2, what is -11100010100011011111 + 1101?
-11100010100011010010
In base 2, what is -10110111100101111110 + 10001000?
-10110111100011110110
In base 15, what is -21c6a7 + 2?
-21c6a5
In base 8, what is -520172417 - 2?
-520172421
In base 11, what is -36a79 - 4a9?
-37477
In base 7, what is -31 + -502613021?
-502613052
In base 8, what is -23354536 + 2?
-23354534
In base 14, what is -243 - -1794?
1551
In base 11, what is -29 + 1a303?
1a285
In base 15, what is -950841 + 4c?
-9507e4
In base 12, what is -bbb63 + 1146?
-baa19
In base 13, what is -16c81 - c7?
-17078
In base 9, what is 616354 + 8?
616363
In base 9, what is 72154687 + -1?
72154686
In base 2, what is 110100010100001001000 - 100?
110100010100001000100
In base 4, what is -10301103111 - -113?
-10301102332
In base 11, what is 204a + -140a6?
-12057
In base 14, what is -7 - -c3d318?
c3d311
In base 7, what is -1101014 + 1040?
-1066644
In base 3, what is -202122 + 202201002011?
202200022112
In base 8, what is 106 + 77412?
77520
In base 7, what is -15 - 2106145?
-2106163
In base 15, what is 2713e6 - 22?
2713c4
In base 2, what is -110000000 - -101010011000001100?
101010010010001100
In base 12, what is 104999 + 171?
104b4a
In base 16, what is -6 + -cd3b?
-cd41
In base 7, what is -333455 - 2311?
-336066
In base 4, what is -30301001 - -1?
-30301000
In base 3, what is -11 + -110102000102002?
-110102000102020
In base 16, what is 306a3 + 103?
307a6
In base 3, what is -20212 + -20220202?
-21011121
In base 4, what is 3033020101 - -3?
3033020110
In base 10, what is -1 - -17415951?
17415950
In base 14, what is 4c583 - -42?
4c5c5
In base 11, what is 2328 - -7457?
9784
In base 13, what is -2 + 55970b69?
55970b67
In base 5, what is -214023 - 12404?
-231432
In base 9, what is -531764 - 21?
-531785
In base 8, what is -3155214 + 24?
-3155170
In base 9, what is -1634 - 1383167?
-1384812
In base 11, what is 24 - 255a4?
-25580
In base 9, what is -186 - 135018?
-135215
In base 11, what is -26275 - 355?
-2661a
In base 16, what is 7d529a8 + -3?
7d529a5
In base 10, what is 3 + 112642050?
112642053
In base 8, what is 2 + 203505422?
203505424
In base 7, what is -3560 - -163213?
156323
In base 16, what is 3 - -2a03529?
2a0352c
In base 7, what is 4554 - -15052?
22636
In base 8, what is 2 + 535136605?
535136607
In base 14, what is -127d9 + -1059c?
-22d97
In base 13, what is a2 - -1cb?
2a0
In base 3, what is -110100011012 - 100021?
-110100111110
In base 2, what is 1011000001010011101010001101 + -1?
1011000001010011101010001100
In base 12, what is 11 - 2b58a69?
-2b58a58
In base 14, what is 3 + -254774?
-254771
In base 12, what is -b + -1ab842?
-1ab851
In base 12, what is 4117b7b4 - -3?
4117b7b7
In base 4, what is -10302212211332 + 21?
-10302212211311
In base 3, what is -102121110 - 200122?
-110022002
In base 12, what is -4 - -69a0245?
69a0241
In base 2, what is -1 + 1111011011011001110011?
1111011011011001110010
In base 8, what is -2461 + 30211?
25530
In base 11, what is -401a + 196?
-3934
In base 14, what is -334119c - 5?
-33411a3
In base 16, what is 2 - -dc751?
dc753
In base 7, what is 104550 - -5401?
113251
In base 14, what is -5466a1 - -1?
-5466a0
In base 10, what is 528 + -957361?
-956833
In base 3, what is 202011120112111 - 10?
202011120112101
In base 6, what is -1323232051 - -3?
-1323232044
In base 3, what is -1110020 + 1020120111?
1012010021
In base 3, what is 11002 + 201212202?
202000211
In base 5, what is 312 + 3044411?
3100223
In base 4, what is 20113113 + 130?
20113303
In base 11, what is 3a04 + -736?
3279
In base 10, what is 1778 - -270?
2048
In base 11, what is -886 + -109?
-994
In base 10, what is -357408 - -271?
-357137
In base 8, what is -1 + 36225567?
36225566
In base 4, what is -2 + 1100003212020?
1100003212012
In base 14, what is -12551ba + 0?
-12551ba
In base 5, what is 11340112 - -2244?
11342411
In base 5, what is -32044432 - -34413?
-32010014
In base 12, what is -23784a4 - -1?
-23784a3
In base 5, what is 24200002 - 3?
24144444
In base 8, what is -26746 - 1260?
-30226
In base 10, what is -153 - -468898?
468745
In base 8, what is -750660 + -130?
-751010
In base 6, what is -15101 + 313?
-14344
In base 3, what is 1 + 101021200002200?
101021200002201
In base 6, what is 4 - 124144105?
-124144101
In base 2, what is 11010000111 - 1011111111110?
-1000101110111
In base 8, what is -56455226 + 4?
-56455222
In base 11, what is -63a196774 - -2?
-63a196772
In base 4, what is 23113103311 - 113?
23113103132
In base 13, what is -926 - -5308?
46b2
In base 5, what is 13 + -3002332041?
-3002332023
In base 9, what is -72245 - 226?
-72472
In base 6, what is 42143440 - 122?
42143314
In base 4, what is 1 + -1232313232302?
-1232313232301
In base 10, what is 8 + 3376820?
3376828
In base 11, what is 89713 - -2a7?
89a0a
In base 11, what is -1 - -5a86820?
5a8681a
In base 6, what is 0 - 123310503?
-123310503
In base 15, what is 1291eb + -73?
129178
In base 10, what is 15 + 44713197?
44713212
In base 7, what is 121343460 + 2?
121343462
In base 2, what is -100010 + 10101100111001010?
10101100110101000
In base 6, what is -34404300 + 11?
-34404245
In base 2, what is -1101 + -1001110101010000100010010?
-1001110101010000100011111
In base 13, what is -8221bb6 - -1?
-8221bb5
In base 16, what is 8b8 - 10ad2?
-1021a
In base 14, what is 3 - 24a994?
-24a991
In base 14, what is 9079563 - -5?
9079568
In base 12, what is 36168066 + 10?
36168076
In base 11, what is 3353a8 - 181?
335227
In base 7, what is -54 + -5620462?
-5620546
In base 8, what is 3313202 + -24?
3313156
In base 2, what is -101 + -10000110101011101101110110?
-10000110101011101101111011
In base 16, what is -37 + -3299?
-32d0
In base 15, what is -3d363 - -34c?
-3d016
In base 15, 